and w?
2
Suppose 0 = 7*r - 4*r - 9, -2*c + 3*r + 695 = 0. Let t be 10010/315 + 4/18. Calculate the greatest common factor of c and t.
32
Suppose -2*j = -2*v + 710, -43*j + 1763 = 5*v - 44*j. Calculate the highest common divisor of v and 32.
32
Let a(w) = 0*w**3 + 2*w**2 - 4*w**2 + w + 9*w**3. Suppose 4*s - 5*p + 1 = 0, -5*p - 2 = -s - 6. Let z be a(s). What is the greatest common divisor of z and 88?
8
Let c be (((-105)/(-14))/15)/((-4)/(-88)). What is the greatest common factor of 649 and c?
11
Let f = -4 - -6. Let x(q) = 7*q**2 - 97*q - 88. Let o be x(15). Calculate the greatest common factor of o and f.
2
Suppose -58*g = -64*g + 312. Calculate the greatest common factor of g and 832.
52
Let l(q) be the third derivative of 17*q**6/120 + q**4/24 + 15*q**2. Let v be l(1). What is the greatest common factor of v and 12?
6
Let l = 20 + -14. Suppose 2*m = l*m + 168. Let y be 7/(-7) - m/2. Calculate the highest common divisor of 160 and y.
20
Suppose -62 = -4*l + p, -2*l + 22 = -22*p + 17*p. Calculate the greatest common factor of 240 and l.
16
Let c = 572 + -328. Let p = -436 + c. Let b be 3/(-3 + (-585)/p). Calculate the greatest common divisor of b and 32.
32
Let v be (256/20)/((-1)/(-10)). Calculate the highest common divisor of 224 and v.
32
Suppose 440 = 11*l + 154. Suppose 5*s + 2*k - 19 = 87, l = s - 2*k. What is the highest common divisor of 33 and s?
11
Let f be ((3 - -5) + 8)*(-1 - -2). What is the greatest common divisor of f and 832?
16
Let u = 6 - 4. Let f be (0 - 3)*(u + -3). Suppose 0 = -h + f*b + 52, -b + 0*b - 164 = -4*h. Calculate the highest common factor of 100 and h.
20
Let x = 152 + -100. Let z = x - 26. Calculate the greatest common factor of 286 and z.
26
Suppose 2*f + 150 = 2*z, 5*f - f - 168 = -2*z. What is the highest common factor of z and 182?
26
Suppose 208 = 4*z + 24. Let j be (69/5)/(2/10). What is the highest common factor of z and j?
23
Let t(w) = -9*w - 28. Let x be t(12). Let j = -80 - x. What is the greatest common divisor of 8 and j?
8
Let j(a) = 10*a - 2*a - 6 + 0*a. Let h be j(3). Calculate the highest common factor of h and 45.
9
Let x be 4/4 - 62/2. Let i be (x/12)/(2/8). Let h be -4 - i/4*6. Calculate the highest common divisor of 11 and h.
11
Suppose -4*n = -5*n + 5*k + 235, 0 = -k - 1. Let s(u) = 22*u - 1. Let j be s(-1). Let z = n + j. Calculate the highest common divisor of z and 23.
23
Suppose 4*f + 0*b = 3*b + 60, -60 = -4*f + 5*b. Let g be ((-24)/20)/((-6)/f). Suppose -c + 26 + g = 0. Calculate the greatest common factor of c and 29.
29
Suppose -5*a - 3*r - 245 = -10*a, 3*a + 5*r = 147. What is the greatest common divisor of a and 140?
7
Let l be 4 - (-5)/(15/(-33)). Let f(o) = -o. Let s be f(l). Calculate the greatest common factor of 7 and s.
7
Let c = 42 - 38. Let u be 50/c + 5/10. Calculate the highest common divisor of u and 104.
13
Suppose -2*z + 3*t + 34 = -113, -2*t = -5*z + 351. What is the greatest common divisor of 23 and z?
23
Let b(w) = 6*w + 57. Let z be b(7). Suppose -25 = -4*m - 5. Suppose -u + 28 = 3*s - 0*s, m*s - 46 = -u. What is the greatest common factor of s and z?
9
Suppose -3*n + 0*w + 3*w = -99, 5*w = n - 13. Let u be -97 + (1 - (2 + -3)). Let d be 2*(u/2)/(-5). What is the greatest common divisor of d and n?
19
Suppose -4 + 0 = -2*m. Suppose 0 = -l - o + 30, -m*l = -l - 5*o. Let b = -54 - -79. Calculate the highest common divisor of b and l.
25
Suppose 21*h - 1000 = 25*h. Let f = h + 465. Calculate the greatest common divisor of 43 and f.
43
Suppose 5*j = 8*j - 378. Calculate the highest common factor of 105 and j.
21
Let d = -146 - -78. Let c be (1 - 139)*d/51. Let t = -124 + c. What is the highest common divisor of 40 and t?
20
Let i(z) = 2*z**2 + 5*z + 2. Let n be i(-3). Suppose 0 = y - n*y + 88. Suppose 4*l - 60 = -2*s, -3*l = l - 16. Calculate the greatest common divisor of y and s.
22
Let p be -1 - (1 - 2) - -3. Suppose -25 = -p*b + 8. Suppose -199*w + 77*w = -1342. What is the highest common factor of b and w?
11
Suppose -4*y + g = 17 + 60, -3*y + g = 57. Let q = y + 23. Suppose s - 5*s = -q*h + 208, h = 3*s + 66. What is the highest common factor of h and 8?
8
Let l(x) = -x**3 + 21*x**2 - 31*x - 31. Let b be l(19). What is the greatest common factor of b and 867?
51
Let l = 279 + -258. What is the highest common factor of l and 42?
21
Suppose 383 = 5*g + 4*a, -105 - 199 = -4*g - 2*a. Suppose -15*l = -14*l - g. What is the greatest common factor of l and 25?
25
Suppose 2*k - 5*o + 0*o = 15, -42 = -3*k + o. Let i be ((-160)/k)/(2/(-3)). Let p be 48*1/(-1 - -2). Calculate the highest common factor of i and p.
16
Suppose 4*r + 2*s - 3*s - 58 = 0, -3*r = -s - 44. Suppose 2 + 13 = 5*z. Suppose 0 = z*h + 2*h - 560. What is the highest common divisor of r and h?
14
Let i = 204 + -180. Calculate the greatest common factor of 18 and i.
6
Let s(t) = -2*t**2 + 27*t + 100. Let d be s(15). Calculate the highest common factor of d and 40.
5
Let z(s) = 2*s**3 - 17*s**2 - 7*s + 12. Let w be z(9). Let k = -206 + 446. What is the greatest common factor of w and k?
30
Let s = 432 - 266. Let h = -154 + s. Calculate the highest common factor of h and 18.
6
Let u(h) = h**2 + 13*h + 13. Let k be u(-12). Let j be (2 - 0/k) + -2. Let g be (-38)/((-3)/12 + j). Calculate the highest common factor of g and 19.
19
Let r be (-1 + -2 - -2)*-15. Calculate the greatest common divisor of 65 and r.
5
Let h = -136 - -328. Let s(i) = -5*i - 2*i + 24 + i + 2*i. Let g be s(0). Calculate the greatest common divisor of h and g.
24
Suppose 0*x - 18*x + 180 = 0. Let i be (-2)/((-11)/(825/x)). Calculate the highest common divisor of 10 and i.
5
Let t(i) = -i**2 - 7*i + 1. Let q be t(-5). Let o be (-2 + 3)*-1 + 12. Calculate the greatest common divisor of o and q.
11
Let p(g) = 2*g**3 - 2*g**2 + 8*g - 10. Let u be p(5). What is the greatest common divisor of 92 and u?
46
Let f(q) = -q**2 - 19*q + 3. Let m be f(-20). Let g(v) = -4*v + 12. Let o be g(m). Calculate the greatest common factor of o and 5.
5
Let c be (-20)/(-50) - 66/(-10). Let w be -5*(6 + -2 - c). Suppose 10*d - w*d = -280. Calculate the highest common divisor of d and 14.
14
Suppose -a + 279 = 8*a. What is the greatest common factor of a and 124?
31
Let f be (2 - 3 - -1)/(-3) + -15. Let k be (8/10)/((-1 - 0)/f). Calculate the greatest common factor of 96 and k.
12
Let v(s) = 2*s**2 + s. Let x be v(2). Suppose 4*o - w + 1 = 36, -4*o + 2*w + 38 = 0. Suppose o = 3*k - x. Calculate the highest common divisor of k and 42.
6
Let b(a) = -a - 4. Let r be b(-4). Suppose -h + 0*h + 4 = r. Let w = 3 + h. What is the greatest common factor of 49 and w?
7
Let h = 33 - 21. Let f(l) be the third derivative of -23*l**4/24 - 29*l**3/6 + 21*l**2. Let t be f(-7). What is the highest common divisor of h and t?
12
Let f(b) = b**2 + 10*b + 4. Let t be f(-10). Let j(n) = 4*n + 16. Let x be j(t). Calculate the greatest common divisor of x and 80.
16
Let i = 47 + -37. Let l be (8/(-8))/(2/(-40)). What is the highest common divisor of i and l?
10
Let s = 152 - 92. Let m = -16 - -29. Suppose -1 = v - m. What is the greatest common divisor of v and s?
12
Let h = -1464 - -2193. What is the greatest common factor of h and 27?
27
Let o(z) = -z**3 + 6*z**2 + 18*z - 8. Let k be o(8). Let y(f) = -f**3 - 10*f**2 + 7*f - 4. Let t be y(-11). What is the greatest common factor of t and k?
8
Let j be 1 + (-4 - -3) + 30. Let o be 4/((-16)/j)*-2. Let v be 4 + -8 - 18/(-2). Calculate the highest common divisor of v and o.
5
Let w(v) = 2*v**2 - 12*v + 22. Let n be w(6). What is the highest common divisor of n and 8?
2
Let d be (-714)/(-28) - 6/12. Let f be (4 - 0)/(4/50). Calculate the highest common divisor of d and f.
25
Let p be (-2)/3*-6 + 6. Let f be p/3 - (-4)/6. What is the greatest common divisor of f and 2?
2
Let i(f) = f**3 + 9*f**2 + 10*f + 10. Let p be i(-10). Let n be p/((-1)/1) - (22 - 21). What is the highest common divisor of 27 and n?
27
Let g(a) = -280*a - 1370. Let p be g(-5). Let f be 2/(-6) + (-61)/(-3). Calculate the highest common divisor of f and p.
10
Let u(d) = -5*d**2 - 26*d + 11. Let f(q) = -4*q**2 - 26*q + 12. Let b(o) = 4*f(o) - 3*u(o). Let p be b(-15). What is the highest common divisor of 18 and p?
18
Let v be (3 - (1 - -1)) + 3. Let q = v - 0. Let n(